{"id":2276,"date":"2019-10-06T16:06:58","date_gmt":"2019-10-06T14:06:58","guid":{"rendered":"https:\/\/www.kidsup.ch\/geneve\/?page_id=2276"},"modified":"2026-03-12T19:42:35","modified_gmt":"2026-03-12T18:42:35","slug":"stages-vacances","status":"publish","type":"page","link":"https:\/\/www.kidsup.ch\/geneve\/stages-vacances\/","title":{"rendered":"Stages de vacances de cirque pour les enfants"},"content":{"rendered":"<p>[et_pb_section fb_built=\u00a0\u00bb1&Prime; fullwidth=\u00a0\u00bbon\u00a0\u00bb _builder_version=\u00a0\u00bb4.16&Prime; background_color=\u00a0\u00bb#86b919&Prime; custom_padding=\u00a0\u00bb0px||20px||false|false\u00a0\u00bb da_disable_devices=\u00a0\u00bboff|off|off\u00a0\u00bb global_colors_info=\u00a0\u00bb{}\u00a0\u00bb da_is_popup=\u00a0\u00bboff\u00a0\u00bb da_exit_intent=\u00a0\u00bboff\u00a0\u00bb da_has_close=\u00a0\u00bbon\u00a0\u00bb da_alt_close=\u00a0\u00bboff\u00a0\u00bb da_dark_close=\u00a0\u00bboff\u00a0\u00bb da_not_modal=\u00a0\u00bbon\u00a0\u00bb da_is_singular=\u00a0\u00bboff\u00a0\u00bb da_with_loader=\u00a0\u00bboff\u00a0\u00bb da_has_shadow=\u00a0\u00bbon\u00a0\u00bb][et_pb_fullwidth_header title=\u00a0\u00bbStages vacances\u00a0\u00bb subhead=\u00a0\u00bbD\u00e9couvrez nos stages de cirque pendant les vacances scolaires\u00a0\u00bb button_one_text=\u00a0\u00bbINSCRIPTION\u00a0\u00bb button_one_url=\u00a0\u00bbhttps:\/\/kidsupgeneve.cogito-sport.ch\/WebRegistration\/LessonSelection?itemCode=STS\u00a0\u00bb _builder_version=\u00a0\u00bb4.16&Prime; title_font=\u00a0\u00bb|||on|||||\u00a0\u00bb background_enable_color=\u00a0\u00bboff\u00a0\u00bb background_image=\u00a0\u00bbhttps:\/\/www.kidsup.ch\/geneve\/wp-content\/uploads\/banner-stages.jpg\u00a0\u00bb custom_padding=\u00a0\u00bb5%||||false|false\u00a0\u00bb link_option_url_new_window=\u00a0\u00bbon\u00a0\u00bb global_colors_info=\u00a0\u00bb{}\u00a0\u00bb][\/et_pb_fullwidth_header][\/et_pb_section][et_pb_section fb_built=\u00a0\u00bb1&Prime; specialty=\u00a0\u00bbon\u00a0\u00bb _builder_version=\u00a0\u00bb4.16&Prime; custom_margin=\u00a0\u00bb||-20px||false|false\u00a0\u00bb da_disable_devices=\u00a0\u00bboff|off|off\u00a0\u00bb global_colors_info=\u00a0\u00bb{}\u00a0\u00bb da_is_popup=\u00a0\u00bboff\u00a0\u00bb da_exit_intent=\u00a0\u00bboff\u00a0\u00bb da_has_close=\u00a0\u00bbon\u00a0\u00bb da_alt_close=\u00a0\u00bboff\u00a0\u00bb da_dark_close=\u00a0\u00bboff\u00a0\u00bb da_not_modal=\u00a0\u00bbon\u00a0\u00bb da_is_singular=\u00a0\u00bboff\u00a0\u00bb da_with_loader=\u00a0\u00bboff\u00a0\u00bb da_has_shadow=\u00a0\u00bbon\u00a0\u00bb][et_pb_column type=\u00a0\u00bb1_2&Prime; specialty_columns=\u00a0\u00bb2&Prime; _builder_version=\u00a0\u00bb4.16&Prime; custom_padding=\u00a0\u00bb|||\u00a0\u00bb global_colors_info=\u00a0\u00bb{}\u00a0\u00bb custom_padding__hover=\u00a0\u00bb|||\u00a0\u00bb][et_pb_row_inner column_structure=\u00a0\u00bb1_3,1_3,1_3&Prime; use_custom_gutter=\u00a0\u00bbon\u00a0\u00bb gutter_width=\u00a0\u00bb1&Prime; _builder_version=\u00a0\u00bb4.25.1&Prime; background_color=\u00a0\u00bbrgba(134,185,25,0.1)\u00a0\u00bb custom_padding=\u00a0\u00bb||0px||false|false\u00a0\u00bb border_radii=\u00a0\u00bboff|10px|10px||\u00a0\u00bb border_width_top=\u00a0\u00bb1px\u00a0\u00bb border_color_top=\u00a0\u00bb#86b919&Prime; border_width_right=\u00a0\u00bb1px\u00a0\u00bb border_color_right=\u00a0\u00bb#86b919&Prime; border_width_left=\u00a0\u00bb1px\u00a0\u00bb border_color_left=\u00a0\u00bb#86b919&Prime; global_colors_info=\u00a0\u00bb{}\u00a0\u00bb][et_pb_column_inner type=\u00a0\u00bb1_3&Prime; saved_specialty_column_type=\u00a0\u00bb1_2&Prime; _builder_version=\u00a0\u00bb4.16&Prime; global_colors_info=\u00a0\u00bb{}\u00a0\u00bb][et_pb_blurb title=\u00a0\u00bbHoraires\u00a0\u00bb use_icon=\u00a0\u00bbon\u00a0\u00bb font_icon=\u00a0\u00bb&#x7d;||divi||400&Prime; icon_color=\u00a0\u00bb#86b919&Prime; image_icon_width=\u00a0\u00bb50px\u00a0\u00bb _builder_version=\u00a0\u00bb4.16&Prime; header_font=\u00a0\u00bb|||on|||||\u00a0\u00bb header_text_align=\u00a0\u00bbcenter\u00a0\u00bb header_text_color=\u00a0\u00bb#86b919&Prime; text_orientation=\u00a0\u00bbcenter\u00a0\u00bb custom_margin=\u00a0\u00bb||30px||false|false\u00a0\u00bb icon_font_size=\u00a0\u00bb50px\u00a0\u00bb global_colors_info=\u00a0\u00bb{}\u00a0\u00bb]<\/p>\n<p style=\"text-align: center;\"><b>Formule \u00bd-journ\u00e9e<\/b><br \/>09h00 \u2013 12h00<br \/>ou<br \/>14h00 \u2013 17h00<br \/>Garde de midi optionnelle<\/p>\n<p style=\"text-align: center;\"><b>Formule journ\u00e9e<\/b><br \/>09h00 \u2013 17h00<\/p>\n<p style=\"text-align: center;\"><strong><em>Accueil<\/em><\/strong><br \/><em>08h30\u00a0\u2013 12h30<\/em><br \/><em>13h30\u00a0\u2013 17h30<\/em><\/p>\n<p>[\/et_pb_blurb][\/et_pb_column_inner][et_pb_column_inner type=\u00a0\u00bb1_3&Prime; saved_specialty_column_type=\u00a0\u00bb1_2&Prime; _builder_version=\u00a0\u00bb4.16&Prime; global_colors_info=\u00a0\u00bb{}\u00a0\u00bb][et_pb_blurb title=\u00a0\u00bbAge\u00a0\u00bb use_icon=\u00a0\u00bbon\u00a0\u00bb font_icon=\u00a0\u00bb&#xe08a;||divi||400&Prime; icon_color=\u00a0\u00bb#86b919&Prime; image_icon_width=\u00a0\u00bb50px\u00a0\u00bb _builder_version=\u00a0\u00bb4.16&Prime; header_font=\u00a0\u00bb|||on|||||\u00a0\u00bb header_text_align=\u00a0\u00bbcenter\u00a0\u00bb header_text_color=\u00a0\u00bb#86b919&Prime; text_orientation=\u00a0\u00bbcenter\u00a0\u00bb custom_margin=\u00a0\u00bb||30px||false|false\u00a0\u00bb icon_font_size=\u00a0\u00bb50px\u00a0\u00bb global_colors_info=\u00a0\u00bb{}\u00a0\u00bb]<\/p>\n<p><b>Formule \u00bd-journ\u00e9e ou journ\u00e9e\u00a0<\/b><br \/>D\u00e8s la 1P<\/p>\n<p>&nbsp;<\/p>\n<p>[\/et_pb_blurb][\/et_pb_column_inner][et_pb_column_inner type=\u00a0\u00bb1_3&Prime; saved_specialty_column_type=\u00a0\u00bb1_2&Prime; _builder_version=\u00a0\u00bb4.16&Prime; global_colors_info=\u00a0\u00bb{}\u00a0\u00bb][et_pb_blurb title=\u00a0\u00bbPrix\u00a0\u00bb use_icon=\u00a0\u00bbon\u00a0\u00bb font_icon=\u00a0\u00bb&#xe100;||divi||400&Prime; icon_color=\u00a0\u00bb#86b919&Prime; image_icon_width=\u00a0\u00bb50px\u00a0\u00bb _builder_version=\u00a0\u00bb4.16&Prime; header_font=\u00a0\u00bb|||on|||||\u00a0\u00bb header_text_align=\u00a0\u00bbcenter\u00a0\u00bb header_text_color=\u00a0\u00bb#86b919&Prime; text_orientation=\u00a0\u00bbcenter\u00a0\u00bb custom_margin=\u00a0\u00bb||30px||false|false\u00a0\u00bb icon_font_size=\u00a0\u00bb50px\u00a0\u00bb global_colors_info=\u00a0\u00bb{}\u00a0\u00bb]<\/p>\n<p><b>Formule \u00bd-journ\u00e9e<\/b><br \/>CHF 60.\u2013 \/ demi-journ\u00e9e<\/p>\n<p>CHF 180 &#8211; \/ sem 3j ou CHF 300 &#8211; \/ sem 5j\u00a0<\/p>\n<p>&nbsp;<\/p>\n<p><i><b>Garde de midi (optionnelle)<\/b><br \/>CHF 10.\u2013 \/ jour<\/i><\/p>\n<p><b>Formule journ\u00e9e<\/b><\/p>\n<p>CHF 110 &#8211; \/ journ\u00e9e\u00a0<br \/>CHF 330 &#8211; \/ sem 3j ou CHF 550.\u2013 \/ sem (5 j)<\/p>\n<p><strong>Rabais<\/strong><br \/>20% pour nos membres<\/p>\n<p>10% pour les fratries<\/p>\n<p>[\/et_pb_blurb][\/et_pb_column_inner][\/et_pb_row_inner][et_pb_row_inner _builder_version=\u00a0\u00bb4.27.4&Prime; background_color=\u00a0\u00bbrgba(134,185,25,0.1)\u00a0\u00bb custom_margin=\u00a0\u00bb||30px||false|false\u00a0\u00bb custom_padding=\u00a0\u00bb|20px||20px|false|false\u00a0\u00bb border_radii=\u00a0\u00bboff|||10px|10px\u00a0\u00bb border_width_right=\u00a0\u00bb1px\u00a0\u00bb border_color_right=\u00a0\u00bb#86b919&Prime; border_width_bottom=\u00a0\u00bb1px\u00a0\u00bb border_color_bottom=\u00a0\u00bb#86b919&Prime; border_width_left=\u00a0\u00bb1px\u00a0\u00bb border_color_left=\u00a0\u00bb#86b919&Prime; global_colors_info=\u00a0\u00bb{}\u00a0\u00bb][et_pb_column_inner saved_specialty_column_type=\u00a0\u00bb1_2&Prime; _builder_version=\u00a0\u00bb4.16&Prime; global_colors_info=\u00a0\u00bb{}\u00a0\u00bb][et_pb_button button_url=\u00a0\u00bbhttps:\/\/kidsupgeneve.cogito-sport.ch\/WebRegistration\/LessonSelection?itemCode=STS\u00a0\u00bb url_new_window=\u00a0\u00bbon\u00a0\u00bb button_text=\u00a0\u00bbINSCRIPTION STAGE SEMAINE\u00a0\u00bb button_alignment=\u00a0\u00bbcenter\u00a0\u00bb _builder_version=\u00a0\u00bb4.27.4&Prime; button_bg_color=\u00a0\u00bb#86b919&Prime; global_colors_info=\u00a0\u00bb{}\u00a0\u00bb][\/et_pb_button][et_pb_button button_url=\u00a0\u00bbhttps:\/\/kidsupgeneve.cogito-sport.ch\/WebRegistration\/LessonSelection?itemCode=GM\u00a0\u00bb url_new_window=\u00a0\u00bbon\u00a0\u00bb button_text=\u00a0\u00bbINSCRIPTION GARDE MIDI \u00a0\u00bb button_alignment=\u00a0\u00bbcenter\u00a0\u00bb _builder_version=\u00a0\u00bb4.16&Prime; button_bg_color=\u00a0\u00bb#86b919&Prime; global_colors_info=\u00a0\u00bb{}\u00a0\u00bb][\/et_pb_button][\/et_pb_column_inner][\/et_pb_row_inner][\/et_pb_column][et_pb_column type=\u00a0\u00bb1_2&Prime; _builder_version=\u00a0\u00bb4.16&Prime; custom_padding=\u00a0\u00bb|||\u00a0\u00bb global_colors_info=\u00a0\u00bb{}\u00a0\u00bb custom_padding__hover=\u00a0\u00bb|||\u00a0\u00bb][et_pb_text _builder_version=\u00a0\u00bb4.16&Prime; header_text_color=\u00a0\u00bb#86b919&Prime; header_font_size=\u00a0\u00bb24px\u00a0\u00bb custom_margin=\u00a0\u00bb-30px||||false|false\u00a0\u00bb global_colors_info=\u00a0\u00bb{}\u00a0\u00bb]<\/p>\n<h1>Nos stages de vacances<\/h1>\n<p>Pendant toutes les vacances scolaires, Kids Up organise des stages de cirque sportifs et cr\u00e9atifs pour les enfants d\u00e8s 4 ans (entr\u00e9s en classe enfantine 1P). C\u2019est un excellent moyen pour les enfants de s\u2019initier et se perfectionner aux arts du cirque, de fa\u00e7on ludique, dans un environnement adapt\u00e9.<\/p>\n<p>Nos activit\u00e9s de vacances sont \u00e9galement un mode de garde id\u00e9al pour les parents qui travaillent : partez au bureau tranquille, vos enfants sont bien encadr\u00e9s et occup\u00e9s.<\/p>\n<p>Les stagiaires pr\u00e9parent durant la semaine le spectacle, qui sera pr\u00e9sent\u00e9 aux parents et amis le dernier jour du stage. Un grand moment d\u2019\u00e9motion pour nos jeunes artistes !<\/p>\n<p>Nos stages sont pr\u00e9par\u00e9s par notre \u00e9quipe compos\u00e9e d\u2019<a href=\"\/geneve\/a-propos\/notre-equipe\" target=\"_blank\" rel=\"noopener noreferrer\">\u00e9ducateurs sportifs et de psychomotriciennes<\/a>, afin d\u2019assurer un contenu adapt\u00e9 et \u00e9volutif et une s\u00e9curit\u00e9 maximale.<\/p>\n<p>[\/et_pb_text][et_pb_toggle title=\u00a0\u00bbOrganisation des stages\u00a0\u00bb _builder_version=\u00a0\u00bb4.16&Prime; global_colors_info=\u00a0\u00bb{}\u00a0\u00bb]Nos activit\u00e9s de vacances se d\u00e9roulent sur une semaine compl\u00e8te, du lundi au vendredi. Les enfants peuvent venir chaque matin, chaque apr\u00e8s-midi ou toute la journ\u00e9e (journ\u00e9e compl\u00e8te pour les enfants scolaris\u00e9s en 3P et au-del\u00e0).<br \/>\nLes enfants sont regroup\u00e9s en groupes de 8 \u00e9l\u00e8ves maximum, encadr\u00e9s par des moniteurs professionnels, dipl\u00f4m\u00e9s et exp\u00e9riment\u00e9s.<br \/>\nLes stages se d\u00e9roulent dans notre salle de cirque, \u00e9quip\u00e9e de mat\u00e9riel fixe, adapt\u00e9e et s\u00e9curis\u00e9e.<br \/>\nChaque demi-journ\u00e9e est organis\u00e9e en 2 s\u00e9ances de cirque de 1h20, entrecoup\u00e9es d\u2019un go\u00fbter.<br \/>\nNous faisons toujours un \u00e9chauffement ludique, puis g\u00e9n\u00e9ralement 6 ateliers par demi-journ\u00e9e, sur des disciplines vari\u00e9es : acrobaties (pyramides, acrobaties au sol, trampoline, \u00e9quilibre (fil de fer, boule, poutre, rouleau\u2026), disciplines a\u00e9riennes (trap\u00e8ze, tissu), adresse\/jonglerie (balles, anneaux, massues, foulards\u2026)<br \/>\nLes stagiaires pr\u00e9parent durant la semaine un spectacle, qui sera pr\u00e9sent\u00e9 aux parents et amis le dernier jour du stage.[\/et_pb_toggle][et_pb_toggle title=\u00a0\u00bbObjectifs\u00a0\u00bb _builder_version=\u00a0\u00bb4.16&Prime; global_colors_info=\u00a0\u00bb{}\u00a0\u00bb]Nos stages de cirque visent \u00e0 d\u00e9velopper :<\/p>\n<ul>\n<li>Le d\u00e9veloppement de la force physique, la souplesse et la coordination\n<li>La mise en avant des talents de chaque enfant gr\u00e2ce \u00e0 la diversit\u00e9 des disciplines\n<li>La participation active au sein d\u2019un groupe, dans un esprit bienveillant d\u2019entraide et de camaraderie\n<li>L\u2019\u00e9coute et le respect des consignes et des r\u00e8gles\n<li>La concentration\n<li>La confiance en soi et la capacit\u00e9 \u00e0 se d\u00e9passer pour atteindre un objectif, le spectacle<\/ul>\n<p>Le spectacle final permet aux enfants d\u2019exp\u00e9rimenter la gestion du trac et des \u00e9motions le jour J. Se produire devant un public restreint et bienveillant lui donnera \u00e9galement confiance pour des pr\u00e9sentations et examens futurs. Petit \u00e0 petit, il construit sa confiance en lui.[\/et_pb_toggle][et_pb_toggle title=\u00a0\u00bbConditions d&rsquo;inscriptions\u00a0\u00bb _builder_version=\u00a0\u00bb4.16&Prime; global_colors_info=\u00a0\u00bb{}\u00a0\u00bb]<\/p>\n<p>Les inscriptions se font pour la semaine enti\u00e8re. Elles peuvent couvrir des demi-journ\u00e9e (pour les enfants \u00e0 partir de la 1P) &#8211; le matin ou l&rsquo;apr\u00e8s-midi &#8211; ou des journ\u00e9es compl\u00e8tes (pour les enfants \u00e0 partir de la 3P).<br \/> Les horaires sont les suivants :<\/p>\n<ul>\n<li>Matin : 09h00-12h00, avec accueil d\u00e8s 08h30 jusqu&rsquo;\u00e0 12h30\n<p>&nbsp;<\/p>\n<\/li>\n<li>Apr\u00e8s-midi : 14h00-17h00, avec accueil d\u00e8s 13h30 jusqu&rsquo;\u00e0 17h30<\/li>\n<li>Journ\u00e9e : 09h00-17h00, avec accueil d\u00e8s 08h30 jusqu&rsquo;\u00e0 17h30<\/li>\n<\/ul>\n<p>Pour les cours \u00e0 la demi-journ\u00e9e, une garde de midi optionnelle entre 12h15 et 13h45 peut \u00eatre souscrite par jour via un formulaire sp\u00e9cifique; attention, les places sont limit\u00e9es.<br \/> Notez aussi que nos membres r\u00e9guliers, inscrits \u00e0 l\u2019ann\u00e9e pour des cours de cirque hebdomadaires chez Kids Up, b\u00e9n\u00e9ficient de 20% de r\u00e9duction sur tous les stages de vacances.<\/p>\n<p>[\/et_pb_toggle][et_pb_toggle title=\u00a0\u00bbPlanning des activit\u00e9s\u00a0\u00bb _builder_version=\u00a0\u00bb4.27.6&Prime; global_colors_info=\u00a0\u00bb{}\u00a0\u00bb]<\/p>\n<p>Voici nos prochains stages pr\u00e9vus.<\/p>\n<ul>\n<li><strong>07.04.2026 au 10.04.2026<\/strong> (stage 4 \u00bd-journ\u00e9es ou 4 jours)<strong><\/strong><\/li>\n<li><strong>13.04.2026 au 17.04.2026<\/strong> (stage 5 \u00bd-journ\u00e9es ou 5 jours)<\/li>\n<li><strong>29.06.2026 au 03.07.2026<\/strong>\u00a0(stage 5 \u00bd-journ\u00e9es ou 5 jours)<\/li>\n<li><strong>06.07.2026 au 10.07.2026<\/strong>\u00a0(stage 5 \u00bd-journ\u00e9es ou 5 jours)<\/li>\n<li><strong>13.07.2026 au 17.07.2026<\/strong>\u00a0(stage 5 \u00bd-journ\u00e9es ou 5 jours)<\/li>\n<li><strong>20.07.2026 au 24.07.2026<\/strong>\u00a0(stage 5 \u00bd-journ\u00e9es ou 5 jours)<\/li>\n<li><strong>27.07.2026 au 31.07.2026<\/strong> (stage 5 \u00bd-journ\u00e9es ou 5 jours)<\/li>\n<li><strong>03.08.2026 au 07.08.2026<\/strong>\u00a0(stage 5 \u00bd-journ\u00e9es ou 5 jours)<\/li>\n<li><strong>13.08.2026 au 14.08.2026<\/strong>\u00a0(stage 5 \u00bd-journ\u00e9es ou 5 jours)<\/li>\n<\/ul>\n<p>[\/et_pb_toggle][\/et_pb_column][\/et_pb_section][et_pb_section fb_built=\u00a0\u00bb1&Prime; admin_label=\u00a0\u00bbPopup &#8211; #planning\u00a0\u00bb module_id=\u00a0\u00bbplanning\u00a0\u00bb module_class=\u00a0\u00bbpopup\u00a0\u00bb _builder_version=\u00a0\u00bb4.27.0&Prime; _dynamic_attributes=\u00a0\u00bblink_option_url\u00a0\u00bb custom_margin=\u00a0\u00bb||0px||false|false\u00a0\u00bb link_option_url=\u00a0\u00bb@ET-DC@eyJkeW5hbWljIjp0cnVlLCJjb250ZW50IjoicG9zdF9saW5rX3VybF9hdHRhY2htZW50Iiwic2V0dGluZ3MiOnsicG9zdF9pZCI6IjQzNjIifX0=@\u00a0\u00bb da_is_popup=\u00a0\u00bbon\u00a0\u00bb da_popup_slug=\u00a0\u00bbplanning\u00a0\u00bb da_disable_devices=\u00a0\u00bboff|off|off\u00a0\u00bb global_colors_info=\u00a0\u00bb{}\u00a0\u00bb da_exit_intent=\u00a0\u00bboff\u00a0\u00bb da_has_close=\u00a0\u00bbon\u00a0\u00bb da_alt_close=\u00a0\u00bboff\u00a0\u00bb da_dark_close=\u00a0\u00bboff\u00a0\u00bb da_not_modal=\u00a0\u00bbon\u00a0\u00bb da_is_singular=\u00a0\u00bboff\u00a0\u00bb da_with_loader=\u00a0\u00bboff\u00a0\u00bb da_has_shadow=\u00a0\u00bbon\u00a0\u00bb][\/et_pb_section]<\/p>\n","protected":false},"excerpt":{"rendered":"<p>Formule \u00bd-journ\u00e9e09h00 \u2013 12h00ou14h00 \u2013 17h00Garde de midi optionnelle Formule journ\u00e9e09h00 \u2013 17h00 Accueil08h30\u00a0\u2013 12h3013h30\u00a0\u2013 17h30Formule \u00bd-journ\u00e9e ou journ\u00e9e\u00a0D\u00e8s la 1P &nbsp;Formule \u00bd-journ\u00e9eCHF 60.\u2013 \/ demi-journ\u00e9e CHF 180 &#8211; \/ sem 3j ou CHF 300 &#8211; \/ sem 5j\u00a0 &nbsp; Garde de midi (optionnelle)CHF 10.\u2013 \/ jour Formule journ\u00e9e CHF 110 &#8211; \/ journ\u00e9e\u00a0CHF 330 [&hellip;]<\/p>\n","protected":false},"author":1,"featured_media":0,"parent":0,"menu_order":20,"comment_status":"closed","ping_status":"closed","template":"","meta":{"_et_pb_use_builder":"on","_et_pb_old_content":"","_et_gb_content_width":"","footnotes":""},"class_list":["post-2276","page","type-page","status-publish","hentry"],"yoast_head":"<!-- This site is optimized with the Yoast SEO plugin v27.3 - https:\/\/yoast.com\/product\/yoast-seo-wordpress\/ -->\n<title>Stages de vacances de cirque pour les enfants - Kids Up Gen\u00e8ve<\/title>\n<meta name=\"description\" content=\"D\u00e9couvrez nos stages de cirque organis\u00e9s pendant toutes les vacances scolaires pour les enfants scolaris\u00e9s \u00e0 partir de 5 ans.\" \/>\n<meta name=\"robots\" content=\"index, follow, max-snippet:-1, max-image-preview:large, max-video-preview:-1\" \/>\n<link rel=\"canonical\" href=\"https:\/\/www.kidsup.ch\/geneve\/stages-vacances\/\" \/>\n<meta property=\"og:locale\" content=\"fr_FR\" \/>\n<meta property=\"og:type\" content=\"article\" \/>\n<meta property=\"og:title\" content=\"Stages de vacances de cirque pour les enfants - Kids Up Gen\u00e8ve\" \/>\n<meta property=\"og:description\" content=\"D\u00e9couvrez nos stages de cirque organis\u00e9s pendant toutes les vacances scolaires pour les enfants scolaris\u00e9s \u00e0 partir de 5 ans.\" \/>\n<meta property=\"og:url\" content=\"https:\/\/www.kidsup.ch\/geneve\/stages-vacances\/\" \/>\n<meta property=\"og:site_name\" content=\"Kids Up Gen\u00e8ve\" \/>\n<meta property=\"article:publisher\" content=\"https:\/\/www.facebook.com\/KidsUpGeneve\" \/>\n<meta property=\"article:modified_time\" content=\"2026-03-12T18:42:35+00:00\" \/>\n<meta name=\"twitter:card\" content=\"summary_large_image\" \/>\n<meta name=\"twitter:label1\" content=\"Dur\u00e9e de lecture estim\u00e9e\" \/>\n\t<meta name=\"twitter:data1\" content=\"8 minutes\" \/>\n<script type=\"application\/ld+json\" class=\"yoast-schema-graph\">{\"@context\":\"https:\\\/\\\/schema.org\",\"@graph\":[{\"@type\":\"WebPage\",\"@id\":\"https:\\\/\\\/www.kidsup.ch\\\/geneve\\\/stages-vacances\\\/\",\"url\":\"https:\\\/\\\/www.kidsup.ch\\\/geneve\\\/stages-vacances\\\/\",\"name\":\"Stages de vacances de cirque pour les enfants - Kids Up Gen\u00e8ve\",\"isPartOf\":{\"@id\":\"https:\\\/\\\/www.kidsup.ch\\\/geneve\\\/#website\"},\"datePublished\":\"2019-10-06T14:06:58+00:00\",\"dateModified\":\"2026-03-12T18:42:35+00:00\",\"description\":\"D\u00e9couvrez nos stages de cirque organis\u00e9s pendant toutes les vacances scolaires pour les enfants scolaris\u00e9s \u00e0 partir de 5 ans.\",\"breadcrumb\":{\"@id\":\"https:\\\/\\\/www.kidsup.ch\\\/geneve\\\/stages-vacances\\\/#breadcrumb\"},\"inLanguage\":\"fr-FR\",\"potentialAction\":[{\"@type\":\"ReadAction\",\"target\":[\"https:\\\/\\\/www.kidsup.ch\\\/geneve\\\/stages-vacances\\\/\"]}]},{\"@type\":\"BreadcrumbList\",\"@id\":\"https:\\\/\\\/www.kidsup.ch\\\/geneve\\\/stages-vacances\\\/#breadcrumb\",\"itemListElement\":[{\"@type\":\"ListItem\",\"position\":1,\"name\":\"Home\",\"item\":\"https:\\\/\\\/www.kidsup.ch\\\/geneve\\\/\"},{\"@type\":\"ListItem\",\"position\":2,\"name\":\"Stages de vacances de cirque pour les enfants\"}]},{\"@type\":\"WebSite\",\"@id\":\"https:\\\/\\\/www.kidsup.ch\\\/geneve\\\/#website\",\"url\":\"https:\\\/\\\/www.kidsup.ch\\\/geneve\\\/\",\"name\":\"Kids Up Gen\u00e8ve\",\"description\":\"Baby gym &amp; cirque\",\"publisher\":{\"@id\":\"https:\\\/\\\/www.kidsup.ch\\\/geneve\\\/#organization\"},\"potentialAction\":[{\"@type\":\"SearchAction\",\"target\":{\"@type\":\"EntryPoint\",\"urlTemplate\":\"https:\\\/\\\/www.kidsup.ch\\\/geneve\\\/?s={search_term_string}\"},\"query-input\":{\"@type\":\"PropertyValueSpecification\",\"valueRequired\":true,\"valueName\":\"search_term_string\"}}],\"inLanguage\":\"fr-FR\"},{\"@type\":\"Organization\",\"@id\":\"https:\\\/\\\/www.kidsup.ch\\\/geneve\\\/#organization\",\"name\":\"Kids Up Gen\u00e8ve\",\"url\":\"https:\\\/\\\/www.kidsup.ch\\\/geneve\\\/\",\"logo\":{\"@type\":\"ImageObject\",\"inLanguage\":\"fr-FR\",\"@id\":\"https:\\\/\\\/www.kidsup.ch\\\/geneve\\\/#\\\/schema\\\/logo\\\/image\\\/\",\"url\":\"https:\\\/\\\/www.kidsup.ch\\\/geneve\\\/wp-content\\\/uploads\\\/kids-up-geneve.png\",\"contentUrl\":\"https:\\\/\\\/www.kidsup.ch\\\/geneve\\\/wp-content\\\/uploads\\\/kids-up-geneve.png\",\"width\":248,\"height\":51,\"caption\":\"Kids Up Gen\u00e8ve\"},\"image\":{\"@id\":\"https:\\\/\\\/www.kidsup.ch\\\/geneve\\\/#\\\/schema\\\/logo\\\/image\\\/\"},\"sameAs\":[\"https:\\\/\\\/www.facebook.com\\\/KidsUpGeneve\",\"https:\\\/\\\/www.instagram.com\\\/kids_up_geneve\",\"https:\\\/\\\/www.youtube.com\\\/KidsUpSuisse\"]}]}<\/script>\n<!-- \/ Yoast SEO plugin. -->","yoast_head_json":{"title":"Stages de vacances de cirque pour les enfants - Kids Up Gen\u00e8ve","description":"D\u00e9couvrez nos stages de cirque organis\u00e9s pendant toutes les vacances scolaires pour les enfants scolaris\u00e9s \u00e0 partir de 5 ans.","robots":{"index":"index","follow":"follow","max-snippet":"max-snippet:-1","max-image-preview":"max-image-preview:large","max-video-preview":"max-video-preview:-1"},"canonical":"https:\/\/www.kidsup.ch\/geneve\/stages-vacances\/","og_locale":"fr_FR","og_type":"article","og_title":"Stages de vacances de cirque pour les enfants - Kids Up Gen\u00e8ve","og_description":"D\u00e9couvrez nos stages de cirque organis\u00e9s pendant toutes les vacances scolaires pour les enfants scolaris\u00e9s \u00e0 partir de 5 ans.","og_url":"https:\/\/www.kidsup.ch\/geneve\/stages-vacances\/","og_site_name":"Kids Up Gen\u00e8ve","article_publisher":"https:\/\/www.facebook.com\/KidsUpGeneve","article_modified_time":"2026-03-12T18:42:35+00:00","twitter_card":"summary_large_image","twitter_misc":{"Dur\u00e9e de lecture estim\u00e9e":"8 minutes"},"schema":{"@context":"https:\/\/schema.org","@graph":[{"@type":"WebPage","@id":"https:\/\/www.kidsup.ch\/geneve\/stages-vacances\/","url":"https:\/\/www.kidsup.ch\/geneve\/stages-vacances\/","name":"Stages de vacances de cirque pour les enfants - Kids Up Gen\u00e8ve","isPartOf":{"@id":"https:\/\/www.kidsup.ch\/geneve\/#website"},"datePublished":"2019-10-06T14:06:58+00:00","dateModified":"2026-03-12T18:42:35+00:00","description":"D\u00e9couvrez nos stages de cirque organis\u00e9s pendant toutes les vacances scolaires pour les enfants scolaris\u00e9s \u00e0 partir de 5 ans.","breadcrumb":{"@id":"https:\/\/www.kidsup.ch\/geneve\/stages-vacances\/#breadcrumb"},"inLanguage":"fr-FR","potentialAction":[{"@type":"ReadAction","target":["https:\/\/www.kidsup.ch\/geneve\/stages-vacances\/"]}]},{"@type":"BreadcrumbList","@id":"https:\/\/www.kidsup.ch\/geneve\/stages-vacances\/#breadcrumb","itemListElement":[{"@type":"ListItem","position":1,"name":"Home","item":"https:\/\/www.kidsup.ch\/geneve\/"},{"@type":"ListItem","position":2,"name":"Stages de vacances de cirque pour les enfants"}]},{"@type":"WebSite","@id":"https:\/\/www.kidsup.ch\/geneve\/#website","url":"https:\/\/www.kidsup.ch\/geneve\/","name":"Kids Up Gen\u00e8ve","description":"Baby gym &amp; cirque","publisher":{"@id":"https:\/\/www.kidsup.ch\/geneve\/#organization"},"potentialAction":[{"@type":"SearchAction","target":{"@type":"EntryPoint","urlTemplate":"https:\/\/www.kidsup.ch\/geneve\/?s={search_term_string}"},"query-input":{"@type":"PropertyValueSpecification","valueRequired":true,"valueName":"search_term_string"}}],"inLanguage":"fr-FR"},{"@type":"Organization","@id":"https:\/\/www.kidsup.ch\/geneve\/#organization","name":"Kids Up Gen\u00e8ve","url":"https:\/\/www.kidsup.ch\/geneve\/","logo":{"@type":"ImageObject","inLanguage":"fr-FR","@id":"https:\/\/www.kidsup.ch\/geneve\/#\/schema\/logo\/image\/","url":"https:\/\/www.kidsup.ch\/geneve\/wp-content\/uploads\/kids-up-geneve.png","contentUrl":"https:\/\/www.kidsup.ch\/geneve\/wp-content\/uploads\/kids-up-geneve.png","width":248,"height":51,"caption":"Kids Up Gen\u00e8ve"},"image":{"@id":"https:\/\/www.kidsup.ch\/geneve\/#\/schema\/logo\/image\/"},"sameAs":["https:\/\/www.facebook.com\/KidsUpGeneve","https:\/\/www.instagram.com\/kids_up_geneve","https:\/\/www.youtube.com\/KidsUpSuisse"]}]}},"_links":{"self":[{"href":"https:\/\/www.kidsup.ch\/geneve\/wp-json\/wp\/v2\/pages\/2276","targetHints":{"allow":["GET"]}}],"collection":[{"href":"https:\/\/www.kidsup.ch\/geneve\/wp-json\/wp\/v2\/pages"}],"about":[{"href":"https:\/\/www.kidsup.ch\/geneve\/wp-json\/wp\/v2\/types\/page"}],"author":[{"embeddable":true,"href":"https:\/\/www.kidsup.ch\/geneve\/wp-json\/wp\/v2\/users\/1"}],"replies":[{"embeddable":true,"href":"https:\/\/www.kidsup.ch\/geneve\/wp-json\/wp\/v2\/comments?post=2276"}],"version-history":[{"count":68,"href":"https:\/\/www.kidsup.ch\/geneve\/wp-json\/wp\/v2\/pages\/2276\/revisions"}],"predecessor-version":[{"id":4932,"href":"https:\/\/www.kidsup.ch\/geneve\/wp-json\/wp\/v2\/pages\/2276\/revisions\/4932"}],"wp:attachment":[{"href":"https:\/\/www.kidsup.ch\/geneve\/wp-json\/wp\/v2\/media?parent=2276"}],"curies":[{"name":"wp","href":"https:\/\/api.w.org\/{rel}","templated":true}]}}